culate the remainder when w is divided by 8.
7
Suppose 4*d = 2*c - 18, -2*c - d + 4 = -4. Suppose -b + 2*t = -c, -2*b - 2*t - t = -3. Suppose b*l - 28 = l. Calculate the remainder when 26 is divided by l.
12
Suppose -160 = 3*m + 2*m. What is the remainder when 23 is divided by ((-3)/4)/(2/m)?
11
Let q(y) = y**2 + 24*y + 6. What is the remainder when 29 is divided by q(-24)?
5
Let p be 190/(-3)*(-30)/25. Suppose 4*v - p = -0*v. Calculate the remainder when 35 is divided by v.
16
Suppose 5*c - 59 = -n, 4*c + 6 = 6*c - 4*n. What is the remainder when ((-9)/(-3))/(6/40) is divided by c?
9
Let c be ((-4)/6)/(9/(-54)). What is the remainder when (-2 - 27)*c/(-4) is divided by 16?
13
Calculate the remainder when (-12 - -1)/(-2 - -1) is divided by 8.
3
Suppose -w = 5*y + 4*w, -y + 15 = -2*w. Let r = 5 + y. What is the remainder when 38 is divided by r?
8
Let w(q) = -4*q + 1. Let d be w(-2). Suppose -l + 2*l = d. Suppose 5*m + x = 133, -2*x = -5*m + 48 + 76. What is the remainder when m is divided by l?
8
Let v(f) = -f - 1. Suppose 6 = -2*w - 3*m, -3*w = -8*w + 4*m - 15. Let s be v(w). Suppose y - 12 = s. What is the remainder when 40 is divided by y?
12
Let y = 10 - 9. Let a be y/7 + 4/(-28). Suppose 0 = 3*i - a*s - s - 6, 2 = i + s. What is the remainder when i is divided by 1?
0
Let u = -10 + 14. Suppose 3*f + 4*c = 64, -2*c + 0*c + 92 = 4*f. Suppose -5*x - 9 = -f. Calculate the remainder when u is divided by x.
1
Suppose 4*g - g = 0. Suppose g*m + 5*m = 0. Suppose m = k + 3*k - 104. What is the remainder when k is divided by 14?
12
Let b = -13 + 17. Calculate the remainder when 14 is divided by b.
2
Let c = 188 + -181. What is the remainder when 97 is divided by c?
6
Let d(f) = -f**3 - 4*f**2 - 2*f. Calculate the remainder when d(-4) is divided by (-20)/8*(-2)/1.
3
Let i(l) = -9 + 15 - l + 11. Calculate the remainder when i(9) is divided by 3.
2
Suppose 5 = 4*n + 17, k + 3*n = 53. Suppose 5*x = k + 28. Calculate the remainder when (-518)/(-10) + 1/5 is divided by x.
16
Calculate the remainder when -37*(-1 + 0/(-1)) is divided by 21.
16
What is the remainder when 20 is divided by (3 + 4/(-6))/(1/3)?
6
Suppose 5*c = 2*z + 13, -3*z - 2*c - 1 = -29. Let j be (-7 + 3)/2 - -18. Let f = z + j. What is the remainder when 65 is divided by f?
21
Let s(g) = g**3 + 9*g**2 + 10*g + 1. Suppose -3*h - 18 = -6*h. Calculate the remainder when s(-7) is divided by ((-20)/h)/((-2)/6).
9
Suppose 3*y + 12 = l, -3*l - 2*l = 5*y - 120. What is the remainder when (3/(-9))/((-3)/315) is divided by (-6)/l - (-172)/14?
11
Calculate the remainder when -2 + (9 - 5) - 25*-1 is divided by 14.
13
Suppose q = 3*u + 66, -4*u - 64 = -2*q + q. Calculate the remainder when q is divided by 15.
12
Let u = 43 + 1. Suppose -2*q = 3*b - u, 3*b - q - 44 = -b. What is the remainder when b is divided by 2/(-6)*(-19 - 2)?
5
Let c(l) = -3 + 5 - 5*l - 2. Let q be c(2). What is the remainder when 3*(q/(-6) - -3) is divided by 5?
4
Suppose 2*c = 7*c - 2*x - 46, -5*c - 2*x = -34. What is the remainder when 37 is divided by c?
5
Let x(o) = 7*o**2 - o. Let j(d) = d**2 - 9*d + 7. Let z be j(8). Calculate the remainder when 13 is divided by x(z).
5
Suppose 4*a - 2 = -2*u - 4, u = 4*a - 7. What is the remainder when a is divided by 1?
0
Let k(o) = o**3 - 3*o**2 + 2*o - 4. What is the remainder when 37 is divided by k(4)?
17
Suppose -k - 48 = -3*l, 57 = 4*l + 4*k - 3*k. What is the remainder when 43 is divided by l?
13
Suppose -5*j + 3*a - 14 = 4*a, 5*j = 4*a + 6. Suppose -4*k - k = -2*h - 27, -27 = -k - 5*h. Calculate the remainder when k is divided by (-4)/(-2) - j/1.
3
Let x = -16 - -16. Suppose -l + 2 = -x. What is the remainder when 5 is divided by l?
1
Suppose 5*i + 2*c + c = 171, -4*c + 60 = 2*i. What is the remainder when i is divided by 13?
10
Let s(y) = 15*y - 1. Let g be s(2). Suppose -h + g = -b, h - 4*h + 71 = b. Calculate the remainder when h is divided by 14.
11
Suppose 5*i - 2*i - 6 = 0. Suppose 3*m - 2*d = 20, i*m + 5*d + 4 = 2*d. Suppose 236 + 12 = 4*x + 2*q, 8 = m*q. Calculate the remainder when x is divided by 21.
19
Let k(p) = -3*p**3 + p**2 - 2*p + 1. Let a(b) = b**2 + 5*b + 2. Let d be a(-5). Let u be k(d). Let l = -15 - u. Calculate the remainder when 14 is divided by l.
6
Suppose 0 = 59*b - 56*b - 84. Calculate the remainder when b is divided by 13.
2
Suppose 9*p - 12 = 6*p. Suppose 5*i - 375 = h, 0*h + 4*h + 284 = p*i. Calculate the remainder when i is divided by 160/6 + 4/(-6).
24
Suppose 0 = 4*j - 8 - 8. Suppose v - j*v = -27. What is the remainder when 16 is divided by v?
7
Let c(t) be the second derivative of t**4/12 + 5*t**3/3 + 13*t**2/2 + 2*t. Let n = -19 + 56. Calculate the remainder when n is divided by c(-10).
11
Suppose 5*o - 209 + 34 = 0. Calculate the remainder when o is divided by 2.
1
Calculate the remainder when 22 is divided by 0 + 175/30 - (-2)/12.
4
Let m = 31 - 44. Let y(t) = -6*t - 2. Calculate the remainder when y(-4) is divided by m/(-2) + 5/(-10).
4
Suppose -2*f + 20 = 2*f. Suppose 50 = u + 4*u. Suppose -4*s - f*z = -94, u = 3*z - 8*z. Calculate the remainder when s is divided by 14.
12
Let c(d) = 2*d**2 + 19*d + 34. Calculate the remainder when 18 is divided by c(-8).
8
Suppose -5*b = 2*p - 8 - 15, -5*p - 3*b + 67 = 0. Calculate the remainder when 123 is divided by p.
11
Let m(y) = -5*y - 4. Calculate the remainder when m(-5) is divided by 4.
1
Let k(w) = 47*w**2 - w + 1. What is the remainder when k(1) is divided by 13?
8
Let b(s) = 2*s**3 - 2 - s**2 - 2*s - s**3 + 6*s**2. Suppose 3*j - 7*j - 16 = 0. Calculate the remainder when 65 is divided by b(j).
21
Let n be (-1690)/(-25) - 3/5. Suppose n = 4*r + 11. What is the remainder when r is divided by 6?
2
Suppose -2*n + 325 = 11*n. Let v = 23 + -16. What is the remainder when n is divided by v?
4
Let o = -1 - -6. Suppose -4*i + 2*i - 115 = -o*n, 2*i = -2*n + 46. What is the remainder when 43 is divided by n?
20
Let m(x) = -x + 7. Let z be (55 + -1)/(-1 + 3). Let k = 54 - z. Calculate the remainder when k is divided by m(0).
6
Suppose -2*m + 5*y - 3 = -5, -m - 5 = -4*y. What is the remainder when m is divided by 6?
5
Suppose -4*i + 5*f = -85, 4*i - f - 30 = 35. Let c be (1*2)/((-10)/i). Calculate the remainder when c/(9/(-42)) - -2 is divided by 6.
4
Let n(b) = b. Let o be n(4). Suppose -o*a - 20 = -5*a. Suppose 5*t - 26 = 29. What is the remainder when a is divided by t?
9
Let k = -26 - -61. What is the remainder when k is divided by 23?
12
Let v be 2/(-6) - 20/(-6). Suppose -38 = -v*f + 40. What is the remainder when f is divided by 2 + 2*-1 + 14?
12
Suppose -2*d - 95 = -5*z, -z + 47 - 10 = -4*d. Let c = -18 + 26. Let t = 18 - c. What is the remainder when z is divided by t?
7
What is the remainder when 66 is divided by -1 + (0/(-2) - -18)?
15
What is the remainder when 44 is divided by 73/6 + (-2)/12?
8
Suppose -3*q + q = b - 70, 2*b - 104 = -3*q. Calculate the remainder when q is divided by 14.
8
Suppose -7*w = -3*w - 8. What is the remainder when 6 is divided by w?
0
Let x be (-390)/(-91) - 2/7. Suppose n + 5*c - 17 - 12 = 0, -x*n - 5*c = -41. Calculate the remainder when 9 is divided by n.
1
Suppose u = 4*i - 126, -4 = -4*u + 4. Suppose y = -5 + i. What is the remainder when y is divided by 14?
13
Suppose -6*r = -r - 80. What is the remainder when 43 is divided by r?
11
Let k(y) = y**3 + 6*y**2 + 3*y + 5. What is the remainder when k(-5) is divided by 6?
3
Let l = 6 + -1. Suppose 0 = 5*c - 12 + 32, -c = a + l. What is the remainder when (2 + a)*(-13)/(-1) is divided by 8?
5
Let s(l) = -l + 1. Let h be s(6). Let q = h + 11. What is the remainder when 28 is divided by 13 + q/(-3) + 4?
13
Let j(x) = -x**2 - 5*x + 11. What is the remainder when j(-6) is divided by 3?
2
Suppose 4*t - 7 = -i, 7 = i - 0*t - 5*t. Calculate the remainder when i is divided by 5.
2
Let j = -8 + 13. Suppose 3*u = -2*u + 805. Suppose -3*v - 4*n + 135 = 0, v - j*v + n + u = 0. Calculate the remainder when v is divided by 14.
13
Let n = -28 + 36. What is the remainder when n is divided by (2 + -3)/(1/(-5))?
3
Suppose -3*o - 28 = -4*y + o, 5*o - 1 = -y. Suppose q + 10 = y*q. Calculate the remainder when 5 is divided by q.
1
Let i = -137 - -142. What is the remainder when 12 is divided by i?
2
Calculate the remainder when 4/18 + 5